{"id":49,"date":"2019-07-30T12:58:07","date_gmt":"2019-07-30T12:58:07","guid":{"rendered":"https:\/\/www.dediago.com\/web\/?page_id=49"},"modified":"2023-04-11T13:01:34","modified_gmt":"2023-04-11T16:01:34","slug":"italimpia","status":"publish","type":"page","link":"https:\/\/www.dediago.com\/web\/italimpia\/","title":{"rendered":"Italimpia"},"content":{"rendered":"<h1 style=\"text-align: left;\"><span style=\"font-family: helvetica, arial, sans-serif;\"><span style=\"font-size: 14pt;\"><strong><span style=\"font-size: 18pt;\">Certificaciones<\/span><\/strong><\/span><\/span><\/h1>\n<p style=\"text-align: left;\"><span style=\"font-family: helvetica, arial, sans-serif; font-size: 14pt;\">La materias primas utilizadas por ITALIMPIA para producir los implementos de limpieza cumplen con aprobaciones de<strong>\u00a0FDA , EU y MERCOSUR<\/strong>.<\/span><br \/>\n<span style=\"font-family: helvetica, arial, sans-serif; font-size: 14pt;\">Tambi\u00e9n ayuda a la implementaci\u00f3n del\u00a0<strong>Sistema HACCP (An\u00e1lisis de Peligros y Puntos de Control Cr\u00edticos).<\/strong><\/span><br \/>\n<span style=\"font-family: helvetica, arial, sans-serif; font-size: 14pt;\">Los productos son lo suficientemente fuertes para soportar las duras condiciones de limpieza industrial. Est\u00e1n disponibles hasta en 8 colores para ayudar a la diferenciaci\u00f3n de \u00e1reas de trabajo o de tipos de alimentos.<\/span><\/p>\n<p>&nbsp;<\/p>\n<p><img fetchpriority=\"high\" decoding=\"async\" class=\"alignright\" src=\"https:\/\/www.dediago.com\/web\/wp-content\/uploads\/2019\/08\/italimpia-Codigo-colores-1024x678.jpg\" alt=\"\" width=\"489\" height=\"323\" \/><\/p>\n<p>&nbsp;<\/p>\n<p>&nbsp;<\/p>\n<h2 style=\"text-align: right;\"><span style=\"font-size: 24pt; font-family: helvetica, arial, sans-serif; color: #0000ff;\"><strong>C\u00f3digo de Colores<\/strong><\/span><\/h2>\n<h2 class=\"has-text-align-right\" style=\"text-align: right;\"><span style=\"font-size: 18pt; font-family: helvetica, arial, sans-serif;\"><strong>\u00bfConoce la importancia <\/strong><strong>de <\/strong><strong>utilizar colores<br \/>\npor <\/strong><strong>zonas en la limpieza?<\/strong><\/span><\/h2>\n<p style=\"text-align: right;\"><span style=\"font-family: helvetica, arial, sans-serif; font-size: 14pt;\">El c\u00f3digo de color en la limpieza es probablemente<br \/>\nuno de los m\u00e9todos m\u00e1s simples de<br \/>\nimplementar y el m\u00e1s eficiente para prevenirla<br \/>\ncontaminaci\u00f3n cruzada.<\/span><\/p>\n<p>&nbsp;<\/p>\n<p>&nbsp;<\/p>\n<p>&nbsp;<\/p>\n<p>&nbsp;<\/p>\n<hr \/>\n<h1 style=\"text-align: center;\"><span style=\"font-family: helvetica, arial, sans-serif; font-size: 24pt; color: #ff0000;\">Cat\u00e1logos 2023<\/span><\/h1>\n<p style=\"text-align: center;\"><span style=\"font-family: helvetica, arial, sans-serif;\"><span style=\"font-size: 14pt;\">Descargue nuestro cat\u00e1logo en PDF y descubra la m\u00e1s amplia gama de productos de limpieza especializados.<\/span><\/span><\/p>\n<p>&nbsp;<\/p>\n<p>&nbsp;<\/p>\n<div id=\"attachment_801\" style=\"width: 389px\" class=\"wp-caption aligncenter\"><a href=\"https:\/\/www.dediago.com\/web\/wp-content\/uploads\/2023\/04\/Catalogo-General-2022.pdf\"><img decoding=\"async\" aria-describedby=\"caption-attachment-801\" class=\"wp-image-801\" src=\"https:\/\/www.dediago.com\/web\/wp-content\/uploads\/2023\/04\/catalogo-ital-300x265.png\" alt=\"\" width=\"379\" height=\"334\" srcset=\"https:\/\/www.dediago.com\/web\/wp-content\/uploads\/2023\/04\/catalogo-ital-300x265.png 300w, https:\/\/www.dediago.com\/web\/wp-content\/uploads\/2023\/04\/catalogo-ital.png 310w\" sizes=\"(max-width: 379px) 100vw, 379px\" \/><\/a><p id=\"caption-attachment-801\" class=\"wp-caption-text\">Cat\u00e1logo General 2023. Re\u00fane de manera f\u00e1cil todas las l\u00edneas de productos.<\/p><\/div>\n<p>&nbsp;<\/p>\n<div id=\"attachment_811\" style=\"width: 391px\" class=\"wp-caption aligncenter\"><img decoding=\"async\" aria-describedby=\"caption-attachment-811\" class=\"wp-image-811 \" src=\"https:\/\/www.dediago.com\/web\/wp-content\/uploads\/2023\/04\/01-sanilab-e1681225818151.jpg\" alt=\"\" width=\"381\" height=\"411\" \/><p id=\"caption-attachment-811\" class=\"wp-caption-text\">Cat\u00e1logo espec\u00edfico de herramientas y sistema de higiene para desinfecci\u00f3n de \u00e1reas de salud y puntos cr\u00edtico<\/p><\/div>\n<div class=\"mceTemp\"><\/div>\n<div id=\"attachment_812\" style=\"width: 375px\" class=\"wp-caption aligncenter\"><img loading=\"lazy\" decoding=\"async\" aria-describedby=\"caption-attachment-812\" class=\"wp-image-812\" src=\"https:\/\/www.dediago.com\/web\/wp-content\/uploads\/2023\/04\/03-higiene-sistem-e1681225856881.jpg\" alt=\"\" width=\"365\" height=\"396\" \/><p id=\"caption-attachment-812\" class=\"wp-caption-text\">L\u00ednea profesional sanitaria para industrial alimenticia.<\/p><\/div>\n<p>&nbsp;<\/p>\n<p>&nbsp;<\/p>\n<p>&nbsp;<\/p>\n<p>&nbsp;<\/p>\n<p>&nbsp;<\/p>\n<p>&nbsp;<\/p>\n<p>&nbsp;<\/p>\n<p>&nbsp;<\/p>\n<p>&nbsp;<\/p>\n<p>&nbsp;<\/p>\n<p>&nbsp;<\/p>\n<p>&nbsp;<\/p>\n<p>&nbsp;<\/p>\n<p>&nbsp;<\/p>\n<p>&nbsp;<\/p>\n<p>&nbsp;<\/p>\n","protected":false},"excerpt":{"rendered":"<p>Certificaciones La materias primas utilizadas por ITALIMPIA para producir los implementos de limpieza cumplen con aprobaciones de\u00a0FDA , EU y MERCOSUR. Tambi\u00e9n ayuda a la implementaci\u00f3n del\u00a0Sistema HACCP (An\u00e1lisis de Peligros y Puntos de Control Cr\u00edticos). Los productos son lo suficientemente fuertes para soportar las duras condiciones de limpieza industrial. [&hellip;]<\/p>\n","protected":false},"author":1,"featured_media":0,"parent":0,"menu_order":0,"comment_status":"closed","ping_status":"closed","template":"","meta":{"pagelayer_contact_templates":[],"_pagelayer_content":"","_joinchat":[],"footnotes":""},"class_list":["post-49","page","type-page","status-publish","hentry"],"_links":{"self":[{"href":"https:\/\/www.dediago.com\/web\/wp-json\/wp\/v2\/pages\/49","targetHints":{"allow":["GET"]}}],"collection":[{"href":"https:\/\/www.dediago.com\/web\/wp-json\/wp\/v2\/pages"}],"about":[{"href":"https:\/\/www.dediago.com\/web\/wp-json\/wp\/v2\/types\/page"}],"author":[{"embeddable":true,"href":"https:\/\/www.dediago.com\/web\/wp-json\/wp\/v2\/users\/1"}],"replies":[{"embeddable":true,"href":"https:\/\/www.dediago.com\/web\/wp-json\/wp\/v2\/comments?post=49"}],"version-history":[{"count":23,"href":"https:\/\/www.dediago.com\/web\/wp-json\/wp\/v2\/pages\/49\/revisions"}],"predecessor-version":[{"id":815,"href":"https:\/\/www.dediago.com\/web\/wp-json\/wp\/v2\/pages\/49\/revisions\/815"}],"wp:attachment":[{"href":"https:\/\/www.dediago.com\/web\/wp-json\/wp\/v2\/media?parent=49"}],"curies":[{"name":"wp","href":"https:\/\/api.w.org\/{rel}","templated":true}]}}